c) = -c + 1. Let w be r(-5). Let j = -4 + w. Suppose j*x + 3 = z - 2*x, 4*z + 4*x - 52 = 0. What are the prime factors of z?
11
Suppose 98 = y + 10. What are the prime factors of y?
2, 11
Let x(s) = s. Let m(q) = -q**2 - q + 30. Let n(j) = m(j) + 2*x(j). List the prime factors of n(0).
2, 3, 5
Suppose 4*c - 5*f = 49, 0*c + 22 = 2*c - 2*f. Suppose -3*a + 41 - c = -5*l, -4*l = -3*a + 34. Suppose i - a - 2 = 0. List the prime factors of i.
2, 3
Let x be 300*((-15)/12 + 0). What are the prime factors of x/(-9) - (-6)/(-9)?
41
Let v = -222 + 408. What are the prime factors of v?
2, 3, 31
Let v = 736 - 448. What are the prime factors of v?
2, 3
Let y(l) = -l - 1. Let x(b) = b**2 + 2*b + 3. Let q be x(-7). Suppose m - 28 = 5*g + 6, -5*m = -3*g - q. What are the prime factors of y(g)?
5
Let r = -36 + 101. What are the prime factors of r?
5, 13
Let p(f) = -f**3 - 4*f**2 + 2. Let y be p(-4). List the prime factors of ((-3)/y)/((-3)/20).
2, 5
Suppose 6*u - 249 - 159 = 0. What are the prime factors of u?
2, 17
Suppose -2*t - 2*t + 16 = 0. List the prime factors of t.
2
Let g be -1 + (-2)/1 + 11. Suppose -3*s + 7 + g = 0. List the prime factors of s.
5
Suppose 75 = 2*s + 3. What are the prime factors of s?
2, 3
Suppose 8*s - 614 = 138. What are the prime factors of s?
2, 47
Let b(o) = o**3 + 7 + 0*o - 7*o - 5*o**2 + 0*o**2. Let a be b(6). Suppose 7 = 2*u + h + a, 0 = -u - 5*h - 15. What are the prime factors of u?
5
Let z = -82 + 154. List the prime factors of z.
2, 3
Let n(a) = -a**3 - 4*a**2 + 2. Let i be n(-4). Suppose 0 = -3*x + i*x. Suppose -5*g = -x*g - 15. What are the prime factors of g?
3
Let y(x) = -x**3 + 8*x**2 - 9*x - 1. Suppose 18 + 10 = 4*r. Let d be y(r). List the prime factors of (4/(-3))/(10/d).
2
Suppose 8*o + 78 = 11*o. What are the prime factors of o?
2, 13
Let g(x) = 14*x - 26. What are the prime factors of g(5)?
2, 11
Let v(i) = 4*i - 10. Let y be v(10). What are the prime factors of y*(-1 + (-7)/(-5))?
2, 3
Let v(n) be the second derivative of 2*n**3 + n. Let r be v(-1). What are the prime factors of 2 + (-1 - 1 - r)?
2, 3
Suppose 3*s - 2*s = -26. Let d = s - -48. List the prime factors of d.
2, 11
Let o = -49 - -81. What are the prime factors of -4*1/(-2) + o?
2, 17
Let w = -83 + 138. What are the prime factors of w?
5, 11
Suppose -23 = 4*j - 3*a, 0 = 3*j - 3*a + 15 + 6. What are the prime factors of (-19)/j + (-1)/2?
3
Let p(y) be the third derivative of y**4/4 - y**3/6 + y**2. List the prime factors of p(2).
11
Let j be 2*-1*21/(-14). Let i be -51*(-1)/1 - -1. Suppose c + j*c - i = 0. What are the prime factors of c?
13
Let x(a) = 3*a**2 + a + 1. Suppose -2*i + 1 = l, -7 + 4 = -2*i - 3*l. Suppose q + q + 2 = i. What are the prime factors of x(q)?
3
Let m(r) = r**3 - 7*r**2 + 7*r. What are the prime factors of m(6)?
2, 3
Let h(d) = 15*d + 1. Let v(l) = -l - 5. Let u be v(-6). Let c be h(u). Suppose 6*x - p - c = 3*x, 5*x - p = 30. What are the prime factors of x?
7
Let n = 67 - 32. Let a = n - -4. List the prime factors of a.
3, 13
Suppose -2*o = -0*o - 64. Suppose 2*i + 20 = z, -o = -z - i - 0*i. What are the prime factors of z?
2, 7
Suppose 4*p - p - 531 = -4*s, -5*s = -3*p - 684. List the prime factors of s.
3, 5
Suppose -2*a - 3*a - 20 = 0. Let u = 8 + 1. Let d = a + u. List the prime factors of d.
5
Let a(b) = 81*b - 3. Let n be a(1). Suppose -2*h - n = -5*h. List the prime factors of h.
2, 13
Suppose 115 + 53 = 4*j. Suppose -z = z - j. What are the prime factors of z?
3, 7
Suppose 0 = -2*x - 0 + 6. Let l be ((-5)/x)/(1/3). List the prime factors of 1/l + 84/20.
2
Let g(q) = 4*q - 2. Let c be g(4). List the prime factors of ((-104)/c)/(10/(-35)).
2, 13
Let v(b) be the third derivative of b**5/60 + 3*b**4/8 + 4*b**3/3 - 2*b**2. List the prime factors of v(-9).
2
Let g(r) = r - 1. Let i be g(5). Suppose 2*w = -3*p - 0*w + 61, 0 = i*w - 20. List the prime factors of p.
17
Suppose 3*j + j - 44 = 0. Let m(i) = i**3 + 5*i**2 + i + 7. Let r be m(-5). Let d = j - r. List the prime factors of d.
3
Suppose 20 = -4*b + 8*b. Suppose w - 105 = -b*d, -6*w = -w - 25. What are the prime factors of d?
2, 5
Let h = 3 - 6. Let j = h - -5. What are the prime factors of -2*(-2 + j/4)?
3
Suppose -32 = -4*s - 3*l + 25, -39 = -4*s + 3*l. Suppose -150 = -5*r - 5*t, -t = 2*r - s - 43. Suppose 4*n - r = 47. List the prime factors of n.
2, 3
Let j be (-8)/(-36) + (-1130)/(-18). Let a be j/(-14)*20/(-3). Let x = -19 + a. List the prime factors of x.
11
Let j = 226 + -118. What are the prime factors of j?
2, 3
Suppose 0 = -4*h - 3*o + 20, -3*h = -3*o + 4 + 2. Suppose -2*f = -0*a + h*a - 20, -4*f = -2*a - 40. List the prime factors of f.
2, 5
Let n(a) = a**3 + 8*a**2 + 6*a + 7. Let i be n(-6). Let w = i - 3. List the prime factors of w.
2, 5
Let u(d) be the third derivative of -d**6/120 - d**5/20 + d**4/8 - 7*d**3/6 + 3*d**2. What are the prime factors of u(-5)?
2, 7
Suppose 5*p - 38 = 122. What are the prime factors of p?
2
Let v be ((-3)/6)/((-1)/6). Suppose -v*c = -4*c + 4. What are the prime factors of c?
2
Let p(k) = -k**2 - 8*k - 2. Let m be p(-7). Suppose -48 = 2*v - m*v. List the prime factors of v.
2
Suppose m - 8 = -b, -3*m + 4 = 2*b - 5*m. Suppose -3*h - y = -17, 3 = b*y + 23. List the prime factors of h.
7
Suppose -i - 2 = 4*p - 3, 0 = 5*p - 2*i + 15. What are the prime factors of 1/(-1) - (-17 - p)?
3, 5
Let n(a) = a**3 + 11*a**2 + 2. Let l be n(-11). Suppose -4*w - k + 55 = l*k, -4*k + 17 = w. What are the prime factors of w?
13
Suppose -v - a = -43, 2*v + 4*a - 103 = -11. What are the prime factors of v?
2, 5
Let c = -71 + 203. What are the prime factors of c?
2, 3, 11
Suppose -5*k = 4*q + 8 - 38, 0 = 3*k + q - 11. Suppose 3*i + k*f = f + 61, 0 = i - 5*f - 47. List the prime factors of i.
2, 11
Suppose 5*m = -0*m. Let y = m - -2. Suppose -u + y*u + 5*k - 28 = 0, 8 = u + k. List the prime factors of u.
3
Suppose 5*t - 3*r = 2*t + 21, 0 = t - 4*r - 13. Suppose 0 = t*l - 2*l - 3*k - 21, -41 = -3*l - 2*k. List the prime factors of l.
11
Suppose -285 + 68 = -k. List the prime factors of k.
7, 31
Suppose -138 = -4*k + 50. List the prime factors of k.
47
Let t(h) = h**2 - 2*h - 1. Let d be t(2). Let l = d + 3. Suppose l*q + 16 = 46. What are the prime factors of q?
3, 5
Let z(h) be the second derivative of 3*h**5/4 + h**4/12 - h**2/2 + 2*h. What are the prime factors of z(1)?
3, 5
Let i(s) = 1. Let b(z) = -z - 19. Let f(v) = -b(v) - 3*i(v). Let q be f(-11). Suppose q*w - 5*k = 30, -w + 6 = -2*w + 4*k. List the prime factors of w.
2, 5
Suppose 4*d - 80 = -5*b, -11*d + 6*d + 3*b = -63. List the prime factors of d.
3, 5
Suppose 128 = 2*g - 4*a, 5*g - g = -4*a + 280. List the prime factors of g.
2, 17
Let x = 1 - -1. Suppose 4*f + 6 = 2*f - g, f + 2*g = -6. List the prime factors of (-8)/(1/f*x).
2
Let n = 101 + -29. List the prime factors of n.
2, 3
Suppose -61 = -2*n - 5. Suppose 3*g = 4*x - n, 4*x - 2*g + 4*g = 28. List the prime factors of x.
7
Suppose 2*b - 84 = -2*n, -3*b + 4*n + 153 = -8. What are the prime factors of b?
47
Suppose -2*v + 4*b - 16 - 8 = 0, 0 = 4*v + 4*b. Let f = v + 7. List the prime factors of f.
3
Suppose 4*d + 24 = q, -q - 81 = -5*q + d. Suppose 0 = -3*o + 4*g + 14, -5*g = -q. List the prime factors of o.
2, 5
Suppose 2*d = -4*p - 8, -5*p + 5*d + 0 = -5. Let o be (-2 + -12 - -1)*p. Suppose -4*r + o = -7. What are the prime factors of r?
5
Let n(l) = -l**3 + 9*l**2 - 7*l - 6. Let h = 0 - -8. Let t be n(h). List the prime factors of -4*(0 + t/(-4)).
2
Suppose 0*x - 6*x = -66. What are the prime factors of x?
11
Let q = -4 - -33. Suppose -6*b + q = -5*b. List the prime factors of b.
29
Let o(n) = n - 9. Let b be o(9). Suppose b = -0*u + u - 9. List the prime factors of u.
3
Suppose -u + 4 = 2*w - 3*u, -4*u = 0. Let m be (w - (-14)/(-6))*-6. Suppose m*b + 3*b = 30. List the prime factors of b.
2, 3
What are the prime factors of 9*4 - (0 + 0)?
2, 3
Let p(t) = 3*t + 1. Let a be p(1). Let z = a + 8. List the prime factors of z.
2, 3
Let j be (0 - 34/8)*-4. Let p be -2*(j/(-2) - 3). Suppose 5*d - 77 = a + 3*a, -a = 2*d - p. What are the prime factors of d?
13
Let y(n) be the second derivative of -n**5/20 - n**4/4 + 2*n**3/3 + 3*n**2/2 - n. Let h be y(-2). Let k = h - -14. List the prime factors of k.
5
Let u = 77 - 31. What are 